{"version":"1.0","provider_name":"Madalena Vidigal","provider_url":"http:\/\/madalenavidigal.pt\/en","author_name":"admin8128","author_url":"http:\/\/madalenavidigal.pt\/en\/author\/admin8128\/","title":"Porto Santo School: a work by Ra\u00fal Chor\u00e3o Ramalho &#8212; Madalena Vidigal","type":"rich","width":600,"height":338,"html":"<blockquote class=\"wp-embedded-content\" data-secret=\"8t6aTSydFE\"><a href=\"http:\/\/madalenavidigal.pt\/en\/porto-santo-school-garagem-sul\/\">Porto Santo School: a work by Ra\u00fal Chor\u00e3o Ramalho<\/a><\/blockquote><iframe sandbox=\"allow-scripts\" security=\"restricted\" src=\"http:\/\/madalenavidigal.pt\/en\/porto-santo-school-garagem-sul\/embed\/#?secret=8t6aTSydFE\" width=\"600\" height=\"338\" title=\"&#8220;Porto Santo School: a work by Ra\u00fal Chor\u00e3o Ramalho&#8221; &#8212; Madalena Vidigal\" data-secret=\"8t6aTSydFE\" frameborder=\"0\" marginwidth=\"0\" marginheight=\"0\" scrolling=\"no\" class=\"wp-embedded-content\"><\/iframe><script type=\"text\/javascript\">\n\/* <![CDATA[ *\/\n\/*! This file is auto-generated *\/\n!function(d,l){\"use strict\";l.querySelector&&d.addEventListener&&\"undefined\"!=typeof URL&&(d.wp=d.wp||{},d.wp.receiveEmbedMessage||(d.wp.receiveEmbedMessage=function(e){var t=e.data;if((t||t.secret||t.message||t.value)&&!\/[^a-zA-Z0-9]\/.test(t.secret)){for(var s,r,n,a=l.querySelectorAll('iframe[data-secret=\"'+t.secret+'\"]'),o=l.querySelectorAll('blockquote[data-secret=\"'+t.secret+'\"]'),c=new RegExp(\"^https?:$\",\"i\"),i=0;i<o.length;i++)o[i].style.display=\"none\";for(i=0;i<a.length;i++)s=a[i],e.source===s.contentWindow&&(s.removeAttribute(\"style\"),\"height\"===t.message?(1e3<(r=parseInt(t.value,10))?r=1e3:~~r<200&&(r=200),s.height=r):\"link\"===t.message&&(r=new URL(s.getAttribute(\"src\")),n=new URL(t.value),c.test(n.protocol))&&n.host===r.host&&l.activeElement===s&&(d.top.location.href=t.value))}},d.addEventListener(\"message\",d.wp.receiveEmbedMessage,!1),l.addEventListener(\"DOMContentLoaded\",function(){for(var e,t,s=l.querySelectorAll(\"iframe.wp-embedded-content\"),r=0;r<s.length;r++)(t=(e=s[r]).getAttribute(\"data-secret\"))||(t=Math.random().toString(36).substring(2,12),e.src+=\"#?secret=\"+t,e.setAttribute(\"data-secret\",t)),e.contentWindow.postMessage({message:\"ready\",secret:t},\"*\")},!1)))}(window,document);\n\/\/# sourceURL=http:\/\/madalenavidigal.pt\/wp-includes\/js\/wp-embed.min.js\n\/* ]]> *\/\n<\/script>\n","thumbnail_url":"http:\/\/madalenavidigal.pt\/wp-content\/uploads\/2025\/07\/MG_7894_X-Photo-Tiago-Casanova_final.jpg","thumbnail_width":1300,"thumbnail_height":1040,"description":"From March to September 2023, the preservation and valorization operation of the Porto Santo School, which took place between 2019 and 2021, was presented at Garagem Sul | CCB - Centro Cultural de Bel\u00e9m, in Lisbon, under the motto Porto Santo School: a work by Ra\u00fal Chor\u00e3o Ramalho. The culmination of an immersive collaboration on the island of Porto Santo. The exhibition presented the environment, the material, the habitat and the architecture of this unique work."}

Porto Santo School: a work by Raúl Chorão Ramalho &#8212; Madalena Vidigal

<blockquote class="wp-embedded-content" data-secret="8t6aTSydFE"><a href="http://madalenavidigal.pt/en/porto-santo-school-garagem-sul/">Porto Santo School: a work by Raúl Chorão Ramalho</a></blockquote><iframe sandbox="allow-scripts" security="restricted" src="http://madalenavidigal.pt/en/porto-santo-school-garagem-sul/embed/#?secret=8t6aTSydFE" width="600" height="338" title="&#8220;Porto Santo School: a work by Raúl Chorão Ramalho&#8221; &#8212; Madalena Vidigal" data-secret="8t6aTSydFE" frameborder="0" marginwidth="0" marginheight="0" scrolling="no" class="wp-embedded-content"></iframe><script type="text/javascript">
/* <![CDATA[ */
/*! This file is auto-generated */
!function(d,l){"use strict";l.querySelector&&d.addEventListener&&"undefined"!=typeof URL&&(d.wp=d.wp||{},d.wp.receiveEmbedMessage||(d.wp.receiveEmbedMessage=function(e){var t=e.data;if((t||t.secret||t.message||t.value)&&!/[^a-zA-Z0-9]/.test(t.secret)){for(var s,r,n,a=l.querySelectorAll('iframe[data-secret="'+t.secret+'"]'),o=l.querySelectorAll('blockquote[data-secret="'+t.secret+'"]'),c=new RegExp("^https?:$","i"),i=0;i<o.length;i++)o[i].style.display="none";for(i=0;i<a.length;i++)s=a[i],e.source===s.contentWindow&&(s.removeAttribute("style"),"height"===t.message?(1e3<(r=parseInt(t.value,10))?r=1e3:~~r<200&&(r=200),s.height=r):"link"===t.message&&(r=new URL(s.getAttribute("src")),n=new URL(t.value),c.test(n.protocol))&&n.host===r.host&&l.activeElement===s&&(d.top.location.href=t.value))}},d.addEventListener("message",d.wp.receiveEmbedMessage,!1),l.addEventListener("DOMContentLoaded",function(){for(var e,t,s=l.querySelectorAll("iframe.wp-embedded-content"),r=0;r<s.length;r++)(t=(e=s[r]).getAttribute("data-secret"))||(t=Math.random().toString(36).substring(2,12),e.src+="#?secret="+t,e.setAttribute("data-secret",t)),e.contentWindow.postMessage({message:"ready",secret:t},"*")},!1)))}(window,document);
//# sourceURL=http://madalenavidigal.pt/wp-includes/js/wp-embed.min.js
/* ]]> */
</script>

From March to September 2023, the preservation and valorization operation of the Porto Santo School, which took place between 2019 and 2021, was presented at Garagem Sul | CCB - Centro Cultural de Belém, in Lisbon, under the motto Porto Santo School: a work by Raúl Chorão Ramalho. The culmination of an immersive collaboration on the island of Porto Santo. The exhibition presented the environment, the material, the habitat and the architecture of this unique work.
